prime factors of 1006393?
1006393
List the prime factors of 4786141.
4786141
What are the prime factors of 32039069?
23, 1393003
What are the prime factors of 1539550?
2, 5, 41, 751
List the prime factors of 1312409.
7, 313, 599
List the prime factors of 4047896.
2, 223, 2269
List the prime factors of 90053.
90053
List the prime factors of 4073898.
2, 3, 23, 53, 557
List the prime factors of 2331360.
2, 3, 5, 1619
What are the prime factors of 6903457?
11, 41, 15307
What are the prime factors of 135557?
283, 479
List the prime factors of 1675927.
11, 251, 607
What are the prime factors of 223735?
5, 29, 1543
What are the prime factors of 28581803?
28581803
What are the prime factors of 8251665?
3, 5, 550111
What are the prime factors of 2306171?
7, 107, 3079
List the prime factors of 933053.
11, 271, 313
What are the prime factors of 1091669?
47, 23227
List the prime factors of 578398.
2, 19, 31, 491
What are the prime factors of 3012497?
3012497
What are the prime factors of 754906?
2, 23, 16411
List the prime factors of 188101.
137, 1373
List the prime factors of 1347573.
3, 17, 26423
What are the prime factors of 569914?
2, 284957
What are the prime factors of 273269?
273269
List the prime factors of 10357656.
2, 3, 179, 2411
List the prime factors of 126584.
2, 15823
What are the prime factors of 441608?
2, 55201
List the prime factors of 933875.
5, 31, 241
What are the prime factors of 1071155?
5, 283, 757
List the prime factors of 663497.
61, 73, 149
What are the prime factors of 283127?
13, 29, 751
What are the prime factors of 317048?
2, 39631
List the prime factors of 242933.
29, 8377
List the prime factors of 4508939.
4508939
List the prime factors of 4235223.
3, 467, 3023
List the prime factors of 26272.
2, 821
List the prime factors of 2419744.
2, 75617
What are the prime factors of 2579900?
2, 5, 25799
What are the prime factors of 2848317?
3, 949439
List the prime factors of 174426.
2, 3, 7, 4153
What are the prime factors of 574877?
467, 1231
List the prime factors of 816694.
2, 408347
List the prime factors of 3125037.
3, 797, 1307
List the prime factors of 8817230.
2, 5, 89, 9907
List the prime factors of 131955.
3, 5, 19, 463
What are the prime factors of 155792?
2, 7, 13, 107
List the prime factors of 2820592.
2, 173, 1019
What are the prime factors of 6527123?
6527123
What are the prime factors of 1904784?
2, 3, 7, 5669
List the prime factors of 65452.
2, 16363
What are the prime factors of 7670661?
3, 19, 23, 5851
What are the prime factors of 473152?
2, 7393
What are the prime factors of 6625339?
7, 135211
List the prime factors of 888500.
2, 5, 1777
What are the prime factors of 4841952?
2, 3, 31, 1627
What are the prime factors of 9065296?
2, 37, 15313
List the prime factors of 1221950.
2, 5, 24439
List the prime factors of 544858.
2, 89, 3061
List the prime factors of 2307902.
2, 137, 8423
What are the prime factors of 3231517?
3231517
What are the prime factors of 25154890?
2, 5, 29, 127, 683
What are the prime factors of 301691?
13, 23, 1009
What are the prime factors of 7720443?
3, 857827
What are the prime factors of 1393747?
691, 2017
List the prime factors of 513990.
2, 3, 5, 5711
List the prime factors of 5601147.
3, 29, 64381
List the prime factors of 1502507.
281, 5347
What are the prime factors of 4676613?
3, 23, 67777
List the prime factors of 293282.
2, 11, 13331
List the prime factors of 2191157.
863, 2539
List the prime factors of 7148171.
7148171
List the prime factors of 2900800.
2, 5, 7, 37
List the prime factors of 20650373.
617, 33469
What are the prime factors of 200844?
2, 3, 7, 797
What are the prime factors of 7069833?
3, 785537
What are the prime factors of 709850?
2, 5, 14197
List the prime factors of 548382.
2, 3, 91397
What are the prime factors of 198684?
2, 3, 5519
What are the prime factors of 18012249?
3, 2001361
What are the prime factors of 8414339?
1489, 5651
What are the prime factors of 20689447?
47, 479, 919
What are the prime factors of 5031243?
3, 7, 79861
List the prime factors of 21040639.
59, 356621
What are the prime factors of 6288215?
5, 17, 29, 2551
List the prime factors of 187646.
2, 17, 5519
What are the prime factors of 2658420?
2, 3, 5, 547
What are the prime factors of 220453?
89, 2477
List the prime factors of 1353390.
2, 3, 5, 197, 229
What are the prime factors of 672882?
2, 3, 7, 37, 433
List the prime factors of 260440.
2, 5, 17, 383
What are the prime factors of 8408787?
3, 2802929
What are the prime factors of 4545397?
4545397
List the prime factors of 42449.
11, 17, 227
List the prime factors of 380111.
41, 73, 127
What are the prime factors of 656105?
5, 131221
What are the prime factors of 266271?
3, 17, 23, 227
List the prime factors of 3957302.
2, 683, 2897
What are the prime factors of 475075?
5, 31, 613
What are the prime factors of 9633566?
2, 137, 35159
List the prime factors of 13619.
13619
List the prime factors of 2560333.
227, 11279
List the prime factors of 1864594.
2, 17, 173, 317
List the prime factors of 13263979.
13263979
What are the prime factors of 20196486?
2, 3, 374009
What are the prime factors of 1016569?
1016569
List the prime factors of 633858.
2, 3, 89, 1187
What are the prime factors of 543271?
37, 14683
What are the prime factors of 1294437?
3, 431479
What are the prime factors of 4945421?
13, 380417
List the prime factors of 1715275.
5, 68611
What are the prime factors of 5015652?
2, 3, 47, 8893
List the prime factors of 13135242.
2, 3, 2189207
List the prime factors of 9082222.
2, 73, 62207
List the prime factors of 212763.
3, 70921
What are the prime factors of 842718?
2, 3, 140453
List the prime factors of 587803.
19, 30937
List the prime factors of 1949794.
2, 7, 11, 1151
List the prime factors of 20041030.
2, 5, 29, 2383
List the prime factors of 32209.
31, 1039
List the prime factors of 76096.
2, 29, 41
What are the prime factors of 4589991?
3, 7, 41, 1777
List the prime factors of 1807829.
1807829
What are the prime factors of 23850195?
3, 5, 23, 73, 947
What are the prime factors of 2279512?
2, 83, 3433
What are the prime factors of 6877107?
3, 19, 131, 307
What are the prime factors of 2889346?
2, 79, 18287
List the prime factors of 64872.
2, 3, 17, 53
What are the prime factors of 212388?
2, 3, 11, 1609
What are the prime factors of 7833609?
3, 7, 124343
List the prime factors of 12231795.
3, 5, 815453
What are the prime factors of 141615?
3, 5, 1049
What are the prime factors of 97512?
2, 3, 17, 239
What are the prime factors of 2644101?
3, 89, 3301
What are the prime factors of 502623?
3, 11, 5077
List the prime factors of 41528.
2, 29, 179
List the prime factors of 251848.
2, 31481
List the prime factors of 3087587.
41, 75307
What are the prime factors of 391704?
2, 3, 19, 859
List the prime factors of 1106964.
2, 3, 97, 317
List the prime factors of 352963.
13, 19, 1429
What are the prime factors of 243828?
2, 3, 13, 521
What are the prime factors of 1064158?
2, 149, 3571
What are the prime factors of 205907?
13, 47, 337
What are the prime factors of 484695?
3, 5, 10771
What are the prime factors of 1753425?
3, 5, 7793
What are the prime factors of 680142?
2, 3, 113357
What are the prime factors of 2093567?
7, 17, 73, 241
What are the prime factors of 1157898?
2, 3, 7, 19, 1451
List the prime factors of 3066766.
2, 17, 90199
What are the prime factors of 1084087?
1084087
List the prime factors of 149551.
149551
List the prime factors of 19281127.
1913, 10079
List the prime factors of 332893.
11, 53, 571
What are the prime factors of 915443?
29, 31567
List the prime factors of 6422363.
31, 41, 163
List the prime factors of 619649.
277, 2237
What are the prime factors of 324435?
3, 5, 43, 503
What are the prime factors of 4872707?
7, 277, 359
List the prime factors of 6446151.
3, 109, 6571
List the prime factors of 328544.
2, 10267
List the prime factors of 303845.
5, 67, 907
List the prime factors of 5834456.
2, 23, 37, 857
What are the prime factors of 3422649?
3, 59, 61, 317
What are the prime factors of 9077825?
5, 149, 2437
What are the prime factors of 990197?
13, 59, 1291
What are the prime factors of 66451?
7, 11, 863
List the prime factors of 181033.
17, 23, 463
What are the prime factors of 1354973?
43, 